pose -11 - 1 = -y*p. What is the highest common factor of p and 2?
2
Suppose 306 = -6*k + 3*k. Let p be (k/4)/((-6)/8). What is the highest common divisor of 17 and p?
17
Suppose -3*n + 39 - 3 = 0. Calculate the highest common factor of n and 84.
12
Suppose -3*q + 628 = 2*h + 2*q, -3*h + 965 = -4*q. What is the highest common divisor of h and 29?
29
Let y = -40 - -28. Let v = 20 + y. Let g = 46 - 26. What is the greatest common divisor of v and g?
4
Suppose -7*y + 5*s = -2*y + 155, 3*s + 27 = -y. Let f = 42 + y. Calculate the greatest common divisor of 30 and f.
6
Let p = 21 - -139. Let v(g) = -g**3 + 7*g**2 - 7*g + 1. Let u be v(5). Calculate the highest common divisor of u and p.
16
Suppose 2 = -4*k + 14. What is the greatest common divisor of k and 1?
1
Let z = 107 - 30. Let r(w) = -4*w - w + 1 + 3 + 4*w. Let a be r(-3). Calculate the highest common divisor of a and z.
7
Let d = 4 - 3. Let a be -1 + -6 + (-1 - d). Let y be 1/(a/6 - -2). Calculate the greatest common factor of y and 22.
2
Suppose -3*b + 0*b - 2*z + 14 = 0, 5*b = 2*z + 18. Suppose -85 = -5*o - 0*o + 5*x, -b*o + 75 = 3*x. Calculate the highest common divisor of o and 180.
18
Let o = 113 - -42. Suppose m = -v + 4*m + 18, 0 = -5*v + 2*m + o. Suppose -18 - 15 = -3*a. Calculate the greatest common factor of v and a.
11
Suppose -5*l = 18 - 358. Calculate the greatest common divisor of l and 51.
17
Let o(c) = 2*c + 4. Let m be o(-2). Suppose -3*b = 5*h - 4*b - 14, 2*h + b = 0. Let i be (-3 + h - m) + 15. What is the highest common factor of i and 14?
14
Let v = -7 + 39. Calculate the greatest common factor of 8 and v.
8
Suppose 18 - 133 = -5*j. Suppose -2*w + 5*a + 230 = -0*w, -5*a - 345 = -3*w. Calculate the highest common divisor of w and j.
23
Let o be 4/(-2) + 1 + 18. Let u be (-3)/(-2 + o/9). Calculate the greatest common divisor of 9 and u.
9
Let x(r) = -7*r**2 + r. Let y be x(1). Let v(g) = g**2 + 4*g + 2. Let b be v(y). What is the greatest common divisor of 14 and b?
14
Suppose 5*l = -2*z + 94, -2 - 6 = -l - 4*z. Let j be (-2 - -1)/(6/6). Let n be 4*j/(-2) + 18. What is the greatest common factor of n and l?
20
Let v = -175 + 190. What is the highest common divisor of v and 20?
5
Suppose 193*s = 197*s + 2*l - 122, -l + 151 = 5*s. Suppose -5*b - 2*h + 28 = 0, 5*h = h - 4. Calculate the greatest common divisor of b and s.
6
Let b be -40*(-2 + 1 + 0)*1. What is the greatest common factor of 160 and b?
40
Let s = -18 - -139. Let n(g) = -2*g - 4*g + 5 - 2*g + 7*g. Let x be n(-6). What is the highest common divisor of s and x?
11
Let n(t) = t + 10. Let l be n(-11). Let w = 8 - l. Let q(z) = 15*z - 3. Let y be q(5). Calculate the greatest common factor of y and w.
9
Suppose a - 2*r - 3*r - 19 = 0, -4*a - 2*r = -98. Suppose -5*w = -99 + a. Suppose -2*n + w = 3*n. What is the greatest common factor of 24 and n?
3
Suppose -5*w = -20*w + 60. What is the greatest common factor of 8 and w?
4
Let u = 49 - 4. What is the highest common divisor of u and 5?
5
Let b be 0 + -1 + (-1 - -58). Suppose 6 - 21 = -5*f. Suppose 19 - f = 2*n. What is the highest common divisor of n and b?
8
Let q = 31 + -22. Let c be 2/(-9) - (-92)/q. Suppose -g + 2*u = -3*u - 12, 0 = -g - 2*u - 2. What is the highest common divisor of c and g?
2
Suppose 70 - 206 = -y. Calculate the highest common divisor of 17 and y.
17
Let l(t) = t**3 + 4*t**2 - 5*t + 2. Let f be l(-5). Suppose -f*o - 1 = -4*i - 21, o - 4*i = 14. Calculate the highest common factor of 12 and o.
6
Let s be 6 + 0 + 2/(-2). Suppose -3*u + 14 = s. Suppose u*r - 4*l = 4, -3*r + 8*r + 3*l = 55. Calculate the greatest common factor of 16 and r.
8
Suppose -181 = -37*w + 41. Let t(c) = -c**3 - c + 48. Let h be t(0). What is the greatest common factor of h and w?
6
Let u = 7 - 5. Suppose -4*v - u*g = -0*g - 78, 3*v + 3*g - 54 = 0. Let r = v + -15. What is the highest common divisor of 18 and r?
6
Let v = 514 + -308. Suppose -5*i + v = -4. Calculate the greatest common factor of 14 and i.
14
Suppose 5*w = w - 3*u + 55, -5*u + 15 = -w. Calculate the greatest common divisor of 10 and w.
10
Let t = 2 - -2. Suppose -s + t = -2. What is the greatest common factor of s and 24?
6
Let g = -8 - -5. Let f = 5 - g. What is the highest common divisor of f and 1?
1
Suppose -5*k = -278 - 42. Let t be ((-90)/12)/(-15) + 15/2. Calculate the highest common divisor of k and t.
8
Suppose 3*m + 5*z = -5, -3*m - 2*z - z = -3. What is the greatest common factor of m and 1?
1
Let n be (2/4)/(1/144). What is the greatest common factor of 48 and n?
24
Let a(w) = w**2 + 3*w + 8. Let h be a(-4). Calculate the greatest common factor of 18 and h.
6
Let l(d) = d + 3. Let b be l(3). Suppose -b = -r + 3*r. Let p be 1/(((-9)/39)/r). What is the highest common factor of 91 and p?
13
Let c be (22 - 26)*(0 + 174/(-4)). What is the greatest common divisor of c and 29?
29
Let t(s) = -s + 6*s + 0*s**2 + 1 - s + 2*s**2. Let u be t(-4). What is the highest common divisor of 17 and u?
17
Let g be (-12 - 2)/((-6)/33). Suppose -y - 250 = -5*z, 3*z = -2*y + g + 60. Calculate the greatest common divisor of z and 7.
7
Let c be (-8)/(-4) + (-1 - -1). Suppose 2*o + 2*v - 20 = -v, 0 = c*v - 8. Calculate the highest common divisor of 1 and o.
1
Suppose 0 = 4*p + 3*z - 84, 23 + 40 = 3*p - 4*z. Let d = 37 - p. Let l = 40 - d. Calculate the greatest common divisor of l and 60.
12
Let a(l) = -2*l + 23. Let h be a(11). Calculate the highest common divisor of h and 1.
1
Suppose -5*f + 5*t = t - 222, -2*f - 3*t = -75. What is the highest common factor of f and 105?
21
Let y = -3 - -9. Suppose 2*u = 4*x + 16, 3*x = 6*u - u - 19. Suppose 0 = u*z - 0*z - 4. Calculate the greatest common factor of z and y.
2
Let k = 97 - 69. What is the greatest common factor of k and 63?
7
Let h = 17 + -10. Let s = h - 9. Let j be (176/20)/(s/(-20)). What is the greatest common factor of j and 8?
8
Suppose 6*h - 79 - 53 = 0. Calculate the highest common factor of h and 176.
22
Let c = 8 - 17. Let y be (10/6)/((-3)/c). Let v be 13 + ((-6)/(-3) - y). What is the greatest common factor of 70 and v?
10
Suppose 9 = x - 4*x. Let j be 3/(x*(-1)/2). Let h = j - -19. What is the highest common divisor of 14 and h?
7
Let z be 2/(-2) + 2*-5. Let j = 56 + z. Calculate the greatest common factor of j and 15.
15
Let w(j) = -j**2 + 19*j + 46. Let b be w(21). What is the highest common divisor of b and 32?
4
Let s = -28 - -52. Calculate the greatest common factor of 36 and s.
12
Let f(x) = 2*x**2 - 8*x - 9. Let o be f(7). Calculate the greatest common factor of 11 and o.
11
Let m(d) = -5*d**2 + d - 7. Let j(o) = o - 1. Let a(z) = 5*j(z) - m(z). Let n be a(-2). What is the greatest common divisor of 21 and n?
7
Suppose z = 4 + 2. Let p(j) = -j**2 - j - 12. Let o(b) = b**2 - b + 1. Let g(v) = 2*o(v) + p(v). Let y be g(8). Calculate the highest common divisor of y and z.
6
Let i(v) = -2*v - 2. Let k be i(-11). Suppose 0 = -3*h + 5*m + k, h = 5*m + 5 + 5. What is the greatest common factor of h and 55?
5
Let p(j) = j**2 - 15*j + 14. Let d be p(14). Suppose -4 = -4*h - d*h. Calculate the highest common divisor of h and 8.
1
Suppose -4*r + 4*m = 8, 0*m - 9 = 3*m. Let f(n) = n**3 + 8*n**2 + 2*n - 5. Let c be f(r). What is the highest common divisor of c and 40?
20
Let t = 155 - 95. Calculate the highest common factor of 15 and t.
15
Suppose 4*y - y + 2*t - 2 = 0, -3*y - t = -1. Let k be 66 - (-1 - y - -3). What is the highest common factor of k and 16?
16
Suppose -2*h + 3*h = k - 10, 0 = -3*k + 5*h + 28. Calculate the greatest common factor of 99 and k.
11
Suppose -3*h = -h - 66. Calculate the greatest common factor of 165 and h.
33
Let b be 4/26 + 11111/533. Calculate the highest common factor of b and 189.
21
Suppose l = 2*l - 42. Suppose -1 = -3*o + 2. Let v = o + 5. What is the highest common factor of l and v?
6
Let p be (2 + (-1 - (6 + -4)))*-6. Calculate the highest common divisor of p and 66.
6
Let i = 51 + -49. What is the highest common factor of 2 and i?
2
Suppose -3*l - 4*h + 1 = -11, 4*h = 0. Suppose -c + 2*d + 11 = 0, c = 4*c + l*d - 63. Calculate the greatest common factor of c and 153.
17
Let q be 56/10 + (-18)/(-45). Calculate the greatest common divisor of 54 and q.
6
Let y = 9 + 3. Let p(v) = -v**3 + 6*v**2 - 6*v + 5. Let b be p(5). S